alse
Is 9 a factor of 38086?
False
Is 1481774 a multiple of 373?
False
Is 18 a factor of 2248776?
True
Is 1229470 a multiple of 9?
False
Is 3 a factor of 91707?
True
Is 8641332 a multiple of 162?
False
Does 259 divide 58262?
False
Is 87 a factor of 454923?
True
Does 9 divide 104156?
False
Is 83 a factor of 19513?
False
Does 20 divide 103677?
False
Is 479292 a multiple of 23?
False
Is 119024 a multiple of 15?
False
Does 7 divide 48979?
True
Is 301504 a multiple of 16?
True
Is 15456 a multiple of 14?
True
Is 5 a factor of 6586?
False
Is 61540 a multiple of 20?
True
Is 811 a factor of 2948039?
False
Does 67 divide 678983?
False
Does 479 divide 931549?
False
Is 383 a factor of 4102222?
False
Does 26 divide 503991?
False
Does 563 divide 1244230?
True
Does 6 divide 540564?
True
Is 66562 a multiple of 23?
True
Is 117 a factor of 2875272?
False
Is 4 a factor of 90615?
False
Is 9 a factor of 219558?
False
Is 12 a factor of 89781?
False
Is 84 a factor of 2113527?
False
Is 23 a factor of 2660038?
False
Does 15 divide 606871?
False
Does 52 divide 1006369?
False
Does 2 divide 173076?
True
Is 33 a factor of 348315?
True
Does 46 divide 125626?
True
Is 6 a factor of 2110524?
True
Does 3 divide 510332?
False
Is 800798 a multiple of 443?
False
Does 535 divide 4334953?
False
Does 286 divide 24882?
True
Does 316 divide 85952?
True
Is 20 a factor of 2624785?
False
Is 1078899 a multiple of 3?
True
Is 1159366 a multiple of 221?
True
Does 14 divide 10059107?
False
Is 163 a factor of 1656868?
False
Is 51 a factor of 386249?
False
Is 17 a factor of 993768?
False
Is 5174 a multiple of 10?
False
Does 63 divide 280375?
False
Is 78 a factor of 3689634?
True
Does 7 divide 2860027?
False
Is 22 a factor of 202346?
False
Does 43 divide 473850?
False
Does 3 divide 387481?
False
Is 20 a factor of 627621?
False
Is 15868 a multiple of 44?
False
Does 34 divide 4385728?
True
Does 5 divide 1883?
False
Does 53 divide 12021734?
False
Is 11 a factor of 15614335?
True
Is 89250 a multiple of 35?
True
Is 4858756 a multiple of 155?
False
Is 7 a factor of 478019?
False
Does 12 divide 48458?
False
Does 19 divide 264868?
False
Does 61 divide 338977?
True
Does 8 divide 2294400?
True
Does 13 divide 583843?
True
Does 4 divide 2104?
True
Is 91 a factor of 473612?
False
Is 551346 a multiple of 396?
False
Is 26 a factor of 5054439?
False
Does 66 divide 1665444?
True
Is 274 a factor of 587751?
False
Does 10 divide 24942?
False
Is 53 a factor of 47402?
False
Is 820613 a multiple of 176?
False
Is 29 a factor of 479470?
False
Is 2170945 a multiple of 245?
True
Does 32 divide 92832?
True
Does 10 divide 80010?
True
Is 172 a factor of 3331468?
True
Is 39 a factor of 5130450?
True
Is 13515740 a multiple of 14?
True
Is 285207 a multiple of 360?
False
Does 17 divide 92803?
True
Is 147 a factor of 1438101?
True
Is 471060 a multiple of 139?
False
Is 226500 a multiple of 500?
True
Does 19 divide 38152?
True
Is 625779 a multiple of 63?
True
Is 2 a factor of 71660?
True
Does 11 divide 4369463?
False
Does 74 divide 1135616?
False
Is 36 a factor of 1090303?
False
Is 54054 a multiple of 99?
True
Does 12 divide 947883?
False
Is 906890 a multiple of 72?
False
Is 111 a factor of 476342?
False
Does 304 divide 3953824?
True
Is 306484 a multiple of 193?
True
Does 128 divide 984158?
False
Is 30 a factor of 1220847?
False
Is 1154 a factor of 1640988?
True
Is 520008 a multiple of 188?
True
Is 28 a factor of 27336?
False
Is 71907 a multiple of 2?
False
Is 425024 a multiple of 29?
True
Does 631 divide 13757?
False
Does 86 divide 1974449?
False
Is 31 a factor of 465527?
True
Does 24 divide 11345976?
True
Is 12271 a multiple of 7?
True
Does 181 divide 1401866?
False
Is 14316 a multiple of 156?
False
Does 29 divide 276631?
True
Is 44073 a multiple of 9?
True
Is 2675696 a multiple of 178?
True
Does 11 divide 7700?
True
Does 15 divide 1974495?
True
Does 10 divide 1536471?
False
Is 65 a factor of 3674840?
True
Is 1675200 a multiple of 480?
True
Is 38 a factor of 23712?
True
Is 122 a factor of 351047?
False
Is 251 a factor of 120665?
False
Is 3161676 a multiple of 294?
True
Is 62271 a multiple of 13?
False
Is 219473 a multiple of 101?
True
Does 441 divide 1585395?
True
Is 1730708 a multiple of 20?
False
Is 346 a factor of 22929062?
False
Is 54185 a multiple of 12?
False
Does 49 divide 891867?
False
Is 12 a factor of 19113?
False
Does 92 divide 910978?
False
Does 100 divide 807100?
True
Is 2508592 a multiple of 664?
True
Is 10242000 a multiple of 1500?
True
Is 14 a factor of 2014124?
True
Does 42 divide 448768?
False
Does 29 divide 2302107?
True
Does 61 divide 335222?
False
Does 72 divide 448920?
True
Does 15 divide 1103407?
False
Does 560 divide 812560?
True
Is 34859 a multiple of 11?
True
Is 11770380 a multiple of 30?
True
Is 20 a factor of 4500040?
True
Is 165186 a multiple of 7?
True
Is 3540998 a multiple of 40?
False
Is 28 a factor of 1418508?
True
Is 2884596 a multiple of 78?
True
Is 169 a factor of 933556?
True
Does 2146 divide 4622484?
True
Does 12 divide 113220?
True
Is 6 a factor of 5076?
True
Does 349 divide 293160?
True
Does 58 divide 100909?
False
Is 155 a factor of 189813?
False
Is 210911 a multiple of 525?
False
Is 1382712 a multiple of 8?
True
Is 7125 a multiple of 15?
True
Is 481368 a multiple of 647?
True
Is 21 a factor of 1738023?
True
Does 145 divide 614365?
True
Is 5 a factor of 128780?
True
Does 4 divide 9700?
True
Does 97 divide 83807?
False
Is 2206728 a multiple of 43?
False
Does 25 divide 2234012?
False
Is 88 a factor of 316434?
False
Is 70 a factor of 19516210?
True
Is 230 a factor of 3661830?
True
Is 4884012 a multiple of 21?
True
Does 19 divide 18499782?
False
Is 1300251 a multiple of 489?
True
Is 3693657 a multiple of 817?
True
Does 16 divide 435798?
False
Does 638 divide 516114?
False
Is 12127 a multiple of 14?
False
Does 80 divide 106767?
False
Is 109122 a multiple of 267?
False
Is 14 a factor of 6566?
True
Is 68 a factor of 30668?
True
Does 10 divide 683290?
True
Does 30 divide 3126722?
False
Is 74953 a multiple of 30?
False
Is 300510 a multiple of 265?
True
Is 4045320 a multiple of 60?
True
Does 63 divide 4212054?
True
Is 1502920 a multiple of 3?
False
Does 305 divide 742714?
False
Does 78 divide 860028?
True
Does 1263 divide 19334004?
True
Is 10 a factor of 8963900?
True
Is 17 a factor of 580118?
False
Is 44 a factor of 2113320?
True
Is 763225 a multiple of 28?
False
Is 139630 a multiple of 163?
False
Is 17 a factor of 239819?
True
Is 543009 a multiple of 12?
False
Is 24 a factor of 2983848?
True
Does 58 divide 46300?
False
Is 57945 a multiple of 37?
False
Is 785015 a multiple of 7?
True
Does 106 divide 123983?
False
Is 164 a factor of 849192?
True
Is 516753 even?
False
Is 13 a factor of 3788889?
True
Is 32 a factor of 343328?
True
Is 5349682 a multiple of 8?
False
Does 20 divide 1850282?
False
Does 54 divide 52876?
False
Is 56 a factor of 2443168?
True
Does 572 divide 1572428?
True
Does 6 divide 974026?
False
Is 2277014 a multiple of 347?
True
Does 36 divide 106302?
False
Is 25 a factor of 444?
False
Does 23 divide 53020?
False
Does 32 divide 16439008?
True
Is 1607686 a multiple of 87?
False
Is 2225565 a multiple of 285?
True
Is 9 a factor of 237998?
False
Is 93456 a multiple of 9?
True
Is 2241975 a multiple of 38?
False
Is 7 a factor of 12046978?
False
Does 218 divide 6178120?
True
Is 964 a factor of 8468704?
False
Is 255702 a multiple of 15?
False
Does 12 divide 537?
False
Is 25 a factor of 15511?
False
Is 4 a factor of 401072?
True
Does 134 divide 11625572?
True
Is 9987176 a multiple of 20?
False
Is 775 a factor of 1370200?
True
Is 2184907 a multiple of 52?
False
Is 4619368 a multiple of 154?
False
Is 399 a factor of 10767813?
True
Does 26 divide 512725?
False
Is 1124910 a multiple of 58?
True
Is 393830 a multiple of 643?
False
Is 1101905 a multiple of 4?
False
Is 117724 a multiple of 5?
False
Does 7 divide 5161826?
False
Is 74 a factor of 103937?
False
Is 150679 a multiple of 53?
True
Does 52 divide 102024?
True
Is 151 a factor of 628915?
True
Is 47 a factor of 14053?
True
Is 5219034 a multiple of 303?
False
Is 46 a factor of 391506?
True
Is 332 a factor of 71901?
False
Is 71179 a multiple of 79?
True
Is 969071 a multiple of 13?
False
Is 377912 a multiple of 41?
False
Is 3774 a multiple of 51